{"version":"1.0","provider_name":"Ruth Louise","provider_url":"https:\/\/blogg.land.se\/abborrbergslouise","author_name":"abborrbergslouise","author_url":"https:\/\/blogg.land.se\/abborrbergslouise\/author\/abborrbergslouise\/","title":"I odlingsb\u00e4ddarna, i v\u00e4xthuset och i sj\u00e4len - Ruth Louise","type":"rich","width":600,"height":338,"html":"<blockquote class=\"wp-embedded-content\" data-secret=\"ZgQuWsvlN3\"><a href=\"https:\/\/blogg.land.se\/abborrbergslouise\/i-odlingsbaddarna-i-vaxthuset-och-i-sjalen\/\">I odlingsb\u00e4ddarna, i v\u00e4xthuset och i sj\u00e4len<\/a><\/blockquote><iframe sandbox=\"allow-scripts\" security=\"restricted\" src=\"https:\/\/blogg.land.se\/abborrbergslouise\/i-odlingsbaddarna-i-vaxthuset-och-i-sjalen\/embed\/#?secret=ZgQuWsvlN3\" width=\"600\" height=\"338\" title=\"\u201dI odlingsb\u00e4ddarna, i v\u00e4xthuset och i sj\u00e4len\u201d &ndash; Ruth Louise\" data-secret=\"ZgQuWsvlN3\" frameborder=\"0\" marginwidth=\"0\" marginheight=\"0\" scrolling=\"no\" class=\"wp-embedded-content\"><\/iframe><script type=\"text\/javascript\">\n\/*! This file is auto-generated *\/\n!function(c,l){\"use strict\";var e=!1,o=!1;if(l.querySelector)if(c.addEventListener)e=!0;if(c.wp=c.wp||{},c.wp.receiveEmbedMessage);else if(c.wp.receiveEmbedMessage=function(e){var t=e.data;if(!t);else if(!(t.secret||t.message||t.value));else if(\/[^a-zA-Z0-9]\/.test(t.secret));else{for(var r,s,a,i=l.querySelectorAll('iframe[data-secret=\"'+t.secret+'\"]'),n=l.querySelectorAll('blockquote[data-secret=\"'+t.secret+'\"]'),o=0;o<n.length;o++)n[o].style.display=\"none\";for(o=0;o<i.length;o++)if(r=i[o],e.source!==r.contentWindow);else{if(r.removeAttribute(\"style\"),\"height\"===t.message){if(1e3<(s=parseInt(t.value,10)))s=1e3;else if(~~s<200)s=200;r.height=s}if(\"link\"===t.message)if(s=l.createElement(\"a\"),a=l.createElement(\"a\"),s.href=r.getAttribute(\"src\"),a.href=t.value,a.host===s.host)if(l.activeElement===r)c.top.location.href=t.value}}},e)c.addEventListener(\"message\",c.wp.receiveEmbedMessage,!1),l.addEventListener(\"DOMContentLoaded\",t,!1),c.addEventListener(\"load\",t,!1);function t(){if(o);else{o=!0;for(var e,t,r,s=-1!==navigator.appVersion.indexOf(\"MSIE 10\"),a=!!navigator.userAgent.match(\/Trident.*rv:11\\.\/),i=l.querySelectorAll(\"iframe.wp-embedded-content\"),n=0;n<i.length;n++){if(!(r=(t=i[n]).getAttribute(\"data-secret\")))r=Math.random().toString(36).substr(2,10),t.src+=\"#?secret=\"+r,t.setAttribute(\"data-secret\",r);if(s||a)(e=t.cloneNode(!0)).removeAttribute(\"security\"),t.parentNode.replaceChild(e,t);t.contentWindow.postMessage({message:\"ready\",secret:r},\"*\")}}}}(window,document);\n<\/script>\n","thumbnail_url":"https:\/\/blogg.land.se\/abborrbergslouise\/wp-content\/uploads\/sites\/36\/2020\/06\/tomater-v\u00e4xthus-min.jpg","thumbnail_width":3438,"thumbnail_height":3024,"description":"\u00c4ntligen kom v\u00e4rmen och vi har v\u00e5gat att s\u00e4tta ut v\u00e5ra plantor i odlingsb\u00e4ddarna och i v\u00e4xthuset. F\u00f6nsterbr\u00e4dorna k\u00e4nns pl\u00f6tsligt tomma med bara Jojjes pelargoner och n\u00e5gon enstaka ranglig broccoli- och gr\u00f6nk\u00e5lsplanta h\u00e4r och d\u00e4r. Men ute i tr\u00e4dg\u00e5rden b\u00f6rjar det n\u00e4stan se ut som p\u00e5 riktigt. Det \u00e4r s\u00e5 sp\u00e4nnande att se hur \u00a0de..."}

I odlingsbäddarna, i växthuset och i själen - Ruth Louise

<blockquote class="wp-embedded-content" data-secret="ZgQuWsvlN3"><a href="https://blogg.land.se/abborrbergslouise/i-odlingsbaddarna-i-vaxthuset-och-i-sjalen/">I odlingsbäddarna, i växthuset och i själen</a></blockquote><iframe sandbox="allow-scripts" security="restricted" src="https://blogg.land.se/abborrbergslouise/i-odlingsbaddarna-i-vaxthuset-och-i-sjalen/embed/#?secret=ZgQuWsvlN3" width="600" height="338" title="”I odlingsbäddarna, i växthuset och i själen” &ndash; Ruth Louise" data-secret="ZgQuWsvlN3" frameborder="0" marginwidth="0" marginheight="0" scrolling="no" class="wp-embedded-content"></iframe><script type="text/javascript">
/*! This file is auto-generated */
!function(c,l){"use strict";var e=!1,o=!1;if(l.querySelector)if(c.addEventListener)e=!0;if(c.wp=c.wp||{},c.wp.receiveEmbedMessage);else if(c.wp.receiveEmbedMessage=function(e){var t=e.data;if(!t);else if(!(t.secret||t.message||t.value));else if(/[^a-zA-Z0-9]/.test(t.secret));else{for(var r,s,a,i=l.querySelectorAll('iframe[data-secret="'+t.secret+'"]'),n=l.querySelectorAll('blockquote[data-secret="'+t.secret+'"]'),o=0;o<n.length;o++)n[o].style.display="none";for(o=0;o<i.length;o++)if(r=i[o],e.source!==r.contentWindow);else{if(r.removeAttribute("style"),"height"===t.message){if(1e3<(s=parseInt(t.value,10)))s=1e3;else if(~~s<200)s=200;r.height=s}if("link"===t.message)if(s=l.createElement("a"),a=l.createElement("a"),s.href=r.getAttribute("src"),a.href=t.value,a.host===s.host)if(l.activeElement===r)c.top.location.href=t.value}}},e)c.addEventListener("message",c.wp.receiveEmbedMessage,!1),l.addEventListener("DOMContentLoaded",t,!1),c.addEventListener("load",t,!1);function t(){if(o);else{o=!0;for(var e,t,r,s=-1!==navigator.appVersion.indexOf("MSIE 10"),a=!!navigator.userAgent.match(/Trident.*rv:11\./),i=l.querySelectorAll("iframe.wp-embedded-content"),n=0;n<i.length;n++){if(!(r=(t=i[n]).getAttribute("data-secret")))r=Math.random().toString(36).substr(2,10),t.src+="#?secret="+r,t.setAttribute("data-secret",r);if(s||a)(e=t.cloneNode(!0)).removeAttribute("security"),t.parentNode.replaceChild(e,t);t.contentWindow.postMessage({message:"ready",secret:r},"*")}}}}(window,document);
</script>

https://blogg.land.se/abborrbergslouise/wp-content/uploads/sites/36/2020/06/tomater-växthus-min.jpg

Äntligen kom värmen och vi har vågat att sätta ut våra plantor i odlingsbäddarna och i växthuset. Fönsterbrädorna känns plötsligt tomma med bara Jojjes pelargoner och någon enstaka ranglig broccoli- och grönkålsplanta här och där. Men ute i trädgården börjar det nästan se ut som på riktigt. Det är så spännande att se hur  de...
